{"id":230,"date":"2023-11-13T18:01:18","date_gmt":"2023-11-13T18:01:18","guid":{"rendered":"https:\/\/labufalat.it\/?page_id=230"},"modified":"2025-03-18T17:39:23","modified_gmt":"2025-03-18T17:39:23","slug":"lazienda","status":"publish","type":"page","link":"https:\/\/labufalat.it\/?page_id=230","title":{"rendered":"LA STORIA"},"content":{"rendered":"\t\t<div data-elementor-type=\"wp-page\" data-elementor-id=\"230\" class=\"elementor elementor-230\">\n\t\t\t\t<div class=\"elementor-element elementor-element-d441cda e-flex e-con-boxed e-con e-parent\" data-id=\"d441cda\" data-element_type=\"container\">\n\t\t\t\t\t<div class=\"e-con-inner\">\n\t\t\t\t<div class=\"elementor-element elementor-element-1de2cc1 elementor-widget elementor-widget-text-editor\" data-id=\"1de2cc1\" data-element_type=\"widget\" data-widget_type=\"text-editor.default\">\n\t\t\t\t<div class=\"elementor-widget-container\">\n\t\t\t\t\t\t\t\t\t<h3 style=\"text-align: center;\"><strong>LA STORIA<\/strong><\/h3>\t\t\t\t\t\t\t\t<\/div>\n\t\t\t\t<\/div>\n\t\t\t\t\t<\/div>\n\t\t\t\t<\/div>\n\t\t<div class=\"elementor-element elementor-element-f97b7e0 e-flex e-con-boxed e-con e-parent\" data-id=\"f97b7e0\" data-element_type=\"container\">\n\t\t\t\t\t<div class=\"e-con-inner\">\n\t\t\t\t<div class=\"elementor-element elementor-element-5699878 elementor-widget-divider--view-line elementor-widget elementor-widget-divider\" data-id=\"5699878\" data-element_type=\"widget\" data-widget_type=\"divider.default\">\n\t\t\t\t<div class=\"elementor-widget-container\">\n\t\t\t\t\t\t\t<div class=\"elementor-divider\">\n\t\t\t<span class=\"elementor-divider-separator\">\n\t\t\t\t\t\t<\/span>\n\t\t<\/div>\n\t\t\t\t\t\t<\/div>\n\t\t\t\t<\/div>\n\t\t\t\t\t<\/div>\n\t\t\t\t<\/div>\n\t\t<div class=\"elementor-element elementor-element-39886a9 e-con-full e-flex e-con e-parent\" data-id=\"39886a9\" data-element_type=\"container\">\n\t\t\t\t<div class=\"elementor-element elementor-element-c21ad3d elementor-widget__width-initial elementor-widget elementor-widget-image\" data-id=\"c21ad3d\" data-element_type=\"widget\" data-widget_type=\"image.default\">\n\t\t\t\t<div class=\"elementor-widget-container\">\n\t\t\t\t\t\t\t\t\t\t\t\t\t\t\t<img fetchpriority=\"high\" decoding=\"async\" width=\"270\" height=\"300\" src=\"https:\/\/labufalat.it\/wp-content\/uploads\/2025\/03\/8-Ernesto-Di-Masi-270x300.jpg\" class=\"attachment-medium size-medium wp-image-1702\" alt=\"\" srcset=\"https:\/\/labufalat.it\/wp-content\/uploads\/2025\/03\/8-Ernesto-Di-Masi-270x300.jpg 270w, https:\/\/labufalat.it\/wp-content\/uploads\/2025\/03\/8-Ernesto-Di-Masi-922x1024.jpg 922w, https:\/\/labufalat.it\/wp-content\/uploads\/2025\/03\/8-Ernesto-Di-Masi-768x853.jpg 768w, https:\/\/labufalat.it\/wp-content\/uploads\/2025\/03\/8-Ernesto-Di-Masi-680x756.jpg 680w, https:\/\/labufalat.it\/wp-content\/uploads\/2025\/03\/8-Ernesto-Di-Masi.jpg 972w\" sizes=\"(max-width: 270px) 100vw, 270px\" \/>\t\t\t\t\t\t\t\t\t\t\t\t\t\t\t<\/div>\n\t\t\t\t<\/div>\n\t\t<div class=\"elementor-element elementor-element-fdb7853 e-con-full e-flex e-con e-child\" data-id=\"fdb7853\" data-element_type=\"container\">\n\t\t\t\t<div class=\"elementor-element elementor-element-71ae05f elementor-invisible elementor-widget elementor-widget-text-editor\" data-id=\"71ae05f\" data-element_type=\"widget\" data-settings=\"{&quot;_animation&quot;:&quot;fadeInUp&quot;}\" data-widget_type=\"text-editor.default\">\n\t\t\t\t<div class=\"elementor-widget-container\">\n\t\t\t\t\t\t\t\t\t<p>Il fondatore e titolare del Caseificio La Bufalat \u00e8 stato il Sig. Pasquale DI MASI nato a Falagato, una piccola frazione del comune di Altavilla Silentina (SA). Pasquale, purtoppo, dal novembre del 2017 non \u00e8 pi\u00f9 con noi. \u00a0Pasquale era \u00a0figlio di Ernesto DI MASI, commerciante di altri tempi, molto esperto nel suo lavoro e assai famoso nel comprensorio.<\/p><p>Dal padre, Pasquale apprese sani e fondamentali principi che da sempre lo hanno accompagnato nella sua vita professionale e personale. Primo fra tutti il senso del rispetto del lavoro e del sacrificio altrui, in secondo luogo che qualunque cosa si facesse occorreva farla con passione e competenza.<\/p><p>Posizionata nelle vicinanze della confluenza del fiume Calore con il fiume Sele, Falagato \u00e8 una localit\u00e0 salubre ed amena, caratteristiche che entrarono a far parte del \u201cmodus vivendi\u201d del Sig. DI MASI che prediligeva le cose genuine, legate all\u2019orologio biologico della natura.<\/p>\t\t\t\t\t\t\t\t<\/div>\n\t\t\t\t<\/div>\n\t\t\t\t<\/div>\n\t\t\t\t<\/div>\n\t\t<div class=\"elementor-element elementor-element-248ee21 e-flex e-con-boxed e-con e-parent\" data-id=\"248ee21\" data-element_type=\"container\">\n\t\t\t\t\t<div class=\"e-con-inner\">\n\t\t<div class=\"elementor-element elementor-element-3468413 e-con-full e-flex e-con e-child\" data-id=\"3468413\" data-element_type=\"container\">\n\t\t\t\t<div class=\"elementor-element elementor-element-124fde8 elementor-invisible elementor-widget elementor-widget-text-editor\" data-id=\"124fde8\" data-element_type=\"widget\" data-settings=\"{&quot;_animation&quot;:&quot;fadeInUp&quot;}\" data-widget_type=\"text-editor.default\">\n\t\t\t\t<div class=\"elementor-widget-container\">\n\t\t\t\t\t\t\t\t\t<p>Tranne una parentesi della sua vita che lo vide lavorare per circa dieci anni a Bologna, DI MASI aveva sempre vissuto in campagna dove il lavoro, con i suoi ritmi legati all\u2019avvicendarsi delle stagioni, e il senso del dovere dei contadini caratterizzarono fortemente il suo modo di essere. Egli era di fatto un poco commerciante, un poco contadino ed un poco artigiano. Ne veniva fuori una figura di Imprenditore poliedrica e permeata di un\u2019umanit\u00e0 speciale.<\/p><p>Dapprima \u201clattaio\u201d:, raccolse latte in lungo ed in largo per diversi anni in tutta la zona sud della provincia di Salerno. Raccontava di quando, dall\u2019alto del suo metro ed ottantadue e della sua forza giovanile, caricava sul suo \u201clupetto\u201d, utilizzando un solo braccio e quasi fossero piume, i bidoni di latte dal peso di 78 Kg . Proprio assistendo ad una di queste operazioni di carico, il titolare di un famoso caseificio dell\u2019epoca in et\u00e0 non pi\u00f9 giovanile, ebbe a dirgli: \u201cDi Ma\u2019, tu si riccu e nun\u2019 o sai\u201d, riferendosi alla ricchezza che l\u2019argento vivo della giovent\u00f9 porta con se.<\/p><p>Alla ricerca di nuove esperienze DI MASI si trasfer\u00ec, agli inizi degli anni 80, a Bologna dove impiant\u00f2 una lavanderia industriale che, pur se avviata con ottimi risultati, non \u201cprofumava di latte\u201d. Fu cos\u00ec che di l\u00ec a poco, parallelamente, inizi\u00f2 a commercializzare mozzarella di bufala che allora faceva la sua timida comparsa sui mercati del nord Italia. La prima vendita fu di 38 Kg ma la soddisfazione che ne deriv\u00f2 fu enorme: i soldi ricavati da quei 38 Kg sembrava avessero un altro colore ed un profumo speciale. Il dado era tratto, DI MASI fu vinto dalla tentazione, cedette la lavanderia e si rituff\u00f2 nel \u201clatte\u201d prendendo a vendere mozzarella. I 38 Kg aumentarono poco alla volta. Neanche faceva in tempo a lasciare una campionatura che gi\u00e0 lo telefonavano per dargli il primo ordine.\u00a0 Fin\u00ec col rifornire i migliori negozi e ristoranti di Bologna e provincia arrivando a vendere 40 quintali di mozzarella a settimana.<\/p><p>Il caseificio da cui si riforniva, per\u00f2, non sempre gli dava un prodotto costante nella qualit\u00e0 e, complice la proposta di un suo vecchio amico casaro, che lo invitava a tornare a Falagato e ad aprire un caseificio, decise di farsi in proprio la mozzarella. Era il <strong>1986<\/strong> quando in due mesi esatti Pasquale impiant\u00f2 il suo primo caseificio, proprio di fianco alla sua casa di Falagato. Fu un successo. Successo che aument\u00f2 ulteriormente quando alle sue dipendenze Pasquale chiam\u00f2 quello che era considerato il re dei casari: Luigi Frunzo. La mozzarella di Luigi andava a ruba. Il caseificio di Falagato , che inizialmente sembrava enorme, divenne subito piccolo per cui Pasquale acquist\u00f2 nella vicina Matinella un appezzamento di terreno dove edific\u00f2 un moderno e funzionale caseificio. Luigi Frunzo nel frattempo decise di godersi la meritata pensione. Da allora di \u201cacqua sotto i ponti\u201d ne \u00e8 passata tanta, ma questa \u00e8 tutta un\u2019altra storia di cui parleremo nel paragrafo dedicato al presente.<\/p>\t\t\t\t\t\t\t\t<\/div>\n\t\t\t\t<\/div>\n\t\t\t\t<\/div>\n\t\t<div class=\"elementor-element elementor-element-8dd7dbb e-con-full e-flex e-con e-child\" data-id=\"8dd7dbb\" data-element_type=\"container\">\n\t\t\t\t<div class=\"elementor-element elementor-element-3d979b6 elementor-invisible elementor-widget elementor-widget-image\" data-id=\"3d979b6\" data-element_type=\"widget\" data-settings=\"{&quot;_animation&quot;:&quot;fadeInUp&quot;}\" data-widget_type=\"image.default\">\n\t\t\t\t<div class=\"elementor-widget-container\">\n\t\t\t\t\t\t\t\t\t\t\t\t\t\t\t<img decoding=\"async\" width=\"340\" height=\"390\" src=\"https:\/\/labufalat.it\/wp-content\/uploads\/2023\/11\/pasqualemasi.jpg\" class=\"attachment-1536x1536 size-1536x1536 wp-image-252\" alt=\"\" srcset=\"https:\/\/labufalat.it\/wp-content\/uploads\/2023\/11\/pasqualemasi.jpg 340w, https:\/\/labufalat.it\/wp-content\/uploads\/2023\/11\/pasqualemasi-262x300.jpg 262w\" sizes=\"(max-width: 340px) 100vw, 340px\" \/>\t\t\t\t\t\t\t\t\t\t\t\t\t\t\t<\/div>\n\t\t\t\t<\/div>\n\t\t\t\t<\/div>\n\t\t\t\t\t<\/div>\n\t\t\t\t<\/div>\n\t\t<div class=\"elementor-element elementor-element-ff63d6e e-flex e-con-boxed e-con e-parent\" data-id=\"ff63d6e\" data-element_type=\"container\">\n\t\t\t\t\t<div class=\"e-con-inner\">\n\t\t\t\t<div class=\"elementor-element elementor-element-f509fcf elementor-invisible elementor-widget elementor-widget-image\" data-id=\"f509fcf\" data-element_type=\"widget\" data-settings=\"{&quot;_animation&quot;:&quot;fadeInUp&quot;}\" data-widget_type=\"image.default\">\n\t\t\t\t<div class=\"elementor-widget-container\">\n\t\t\t\t\t\t\t\t\t\t\t\t\t\t\t<img decoding=\"async\" width=\"1024\" height=\"603\" src=\"https:\/\/labufalat.it\/wp-content\/uploads\/2025\/02\/1-Pasquale-adolescente-1024x603.jpg\" class=\"attachment-large size-large wp-image-1593\" alt=\"\" srcset=\"https:\/\/labufalat.it\/wp-content\/uploads\/2025\/02\/1-Pasquale-adolescente-1024x603.jpg 1024w, https:\/\/labufalat.it\/wp-content\/uploads\/2025\/02\/1-Pasquale-adolescente-300x177.jpg 300w, https:\/\/labufalat.it\/wp-content\/uploads\/2025\/02\/1-Pasquale-adolescente-768x452.jpg 768w, https:\/\/labufalat.it\/wp-content\/uploads\/2025\/02\/1-Pasquale-adolescente-1536x905.jpg 1536w, https:\/\/labufalat.it\/wp-content\/uploads\/2025\/02\/1-Pasquale-adolescente-1320x778.jpg 1320w, https:\/\/labufalat.it\/wp-content\/uploads\/2025\/02\/1-Pasquale-adolescente-680x401.jpg 680w, https:\/\/labufalat.it\/wp-content\/uploads\/2025\/02\/1-Pasquale-adolescente.jpg 1920w\" sizes=\"(max-width: 1024px) 100vw, 1024px\" \/>\t\t\t\t\t\t\t\t\t\t\t\t\t\t\t<\/div>\n\t\t\t\t<\/div>\n\t\t\t\t\t<\/div>\n\t\t\t\t<\/div>\n\t\t\t\t<\/div>\n\t\t","protected":false},"excerpt":{"rendered":"<p>LA STORIA Il fondatore e titolare del Caseificio La Bufalat \u00e8 stato il Sig. Pasquale DI MASI nato a Falagato, una piccola frazione del comune di Altavilla Silentina (SA). Pasquale, purtoppo, dal novembre del 2017 non \u00e8 pi\u00f9 con noi. \u00a0Pasquale era \u00a0figlio di Ernesto DI MASI, commerciante di altri tempi, molto esperto nel suo &hellip;<\/p>\n","protected":false},"author":1,"featured_media":0,"parent":0,"menu_order":0,"comment_status":"closed","ping_status":"closed","template":"","meta":{"footnotes":""},"class_list":["post-230","page","type-page","status-publish","hentry"],"_links":{"self":[{"href":"https:\/\/labufalat.it\/index.php?rest_route=\/wp\/v2\/pages\/230","targetHints":{"allow":["GET"]}}],"collection":[{"href":"https:\/\/labufalat.it\/index.php?rest_route=\/wp\/v2\/pages"}],"about":[{"href":"https:\/\/labufalat.it\/index.php?rest_route=\/wp\/v2\/types\/page"}],"author":[{"embeddable":true,"href":"https:\/\/labufalat.it\/index.php?rest_route=\/wp\/v2\/users\/1"}],"replies":[{"embeddable":true,"href":"https:\/\/labufalat.it\/index.php?rest_route=%2Fwp%2Fv2%2Fcomments&post=230"}],"version-history":[{"count":57,"href":"https:\/\/labufalat.it\/index.php?rest_route=\/wp\/v2\/pages\/230\/revisions"}],"predecessor-version":[{"id":1929,"href":"https:\/\/labufalat.it\/index.php?rest_route=\/wp\/v2\/pages\/230\/revisions\/1929"}],"wp:attachment":[{"href":"https:\/\/labufalat.it\/index.php?rest_route=%2Fwp%2Fv2%2Fmedia&parent=230"}],"curies":[{"name":"wp","href":"https:\/\/api.w.org\/{rel}","templated":true}]}}

<div data-elementor-type="wp-page" data-elementor-id="230" class="elementor elementor-230">
				<div class="elementor-element elementor-element-d441cda e-flex e-con-boxed e-con e-parent" data-id="d441cda" data-element_type="container">
					<div class="e-con-inner">
				<div class="elementor-element elementor-element-1de2cc1 elementor-widget elementor-widget-text-editor" data-id="1de2cc1" data-element_type="widget" data-widget_type="text-editor.default">
				<div class="elementor-widget-container">
									<h3 style="text-align: center;"><strong>LA STORIA</strong></h3>								</div>
				</div>
					</div>
				</div>
		<div class="elementor-element elementor-element-f97b7e0 e-flex e-con-boxed e-con e-parent" data-id="f97b7e0" data-element_type="container">
					<div class="e-con-inner">
				<div class="elementor-element elementor-element-5699878 elementor-widget-divider--view-line elementor-widget elementor-widget-divider" data-id="5699878" data-element_type="widget" data-widget_type="divider.default">
				<div class="elementor-widget-container">
							<div class="elementor-divider">
			<span class="elementor-divider-separator">
						</span>
		</div>
						</div>
				</div>
					</div>
				</div>
		<div class="elementor-element elementor-element-39886a9 e-con-full e-flex e-con e-parent" data-id="39886a9" data-element_type="container">
				<div class="elementor-element elementor-element-c21ad3d elementor-widget__width-initial elementor-widget elementor-widget-image" data-id="c21ad3d" data-element_type="widget" data-widget_type="image.default">
				<div class="elementor-widget-container">
															<img fetchpriority="high" decoding="async" width="270" height="300" src="https://labufalat.it/wp-content/uploads/2025/03/8-Ernesto-Di-Masi-270x300.jpg" class="attachment-medium size-medium wp-image-1702" alt="" srcset="https://labufalat.it/wp-content/uploads/2025/03/8-Ernesto-Di-Masi-270x300.jpg 270w, https://labufalat.it/wp-content/uploads/2025/03/8-Ernesto-Di-Masi-922x1024.jpg 922w, https://labufalat.it/wp-content/uploads/2025/03/8-Ernesto-Di-Masi-768x853.jpg 768w, https://labufalat.it/wp-content/uploads/2025/03/8-Ernesto-Di-Masi-680x756.jpg 680w, https://labufalat.it/wp-content/uploads/2025/03/8-Ernesto-Di-Masi.jpg 972w" sizes="(max-width: 270px) 100vw, 270px" />															</div>
				</div>
		<div class="elementor-element elementor-element-fdb7853 e-con-full e-flex e-con e-child" data-id="fdb7853" data-element_type="container">
				<div class="elementor-element elementor-element-71ae05f elementor-invisible elementor-widget elementor-widget-text-editor" data-id="71ae05f" data-element_type="widget" data-settings="{&quot;_animation&quot;:&quot;fadeInUp&quot;}" data-widget_type="text-editor.default">
				<div class="elementor-widget-container">
									<p>Il fondatore e titolare del Caseificio La Bufalat è stato il Sig. Pasquale DI MASI nato a Falagato, una piccola frazione del comune di Altavilla Silentina (SA). Pasquale, purtoppo, dal novembre del 2017 non è più con noi.  Pasquale era  figlio di Ernesto DI MASI, commerciante di altri tempi, molto esperto nel suo lavoro e assai famoso nel comprensorio.</p><p>Dal padre, Pasquale apprese sani e fondamentali principi che da sempre lo hanno accompagnato nella sua vita professionale e personale. Primo fra tutti il senso del rispetto del lavoro e del sacrificio altrui, in secondo luogo che qualunque cosa si facesse occorreva farla con passione e competenza.</p><p>Posizionata nelle vicinanze della confluenza del fiume Calore con il fiume Sele, Falagato è una località salubre ed amena, caratteristiche che entrarono a far parte del “modus vivendi” del Sig. DI MASI che prediligeva le cose genuine, legate all’orologio biologico della natura.</p>								</div>
				</div>
				</div>
				</div>
		<div class="elementor-element elementor-element-248ee21 e-flex e-con-boxed e-con e-parent" data-id="248ee21" data-element_type="container">
					<div class="e-con-inner">
		<div class="elementor-element elementor-element-3468413 e-con-full e-flex e-con e-child" data-id="3468413" data-element_type="container">
				<div class="elementor-element elementor-element-124fde8 elementor-invisible elementor-widget elementor-widget-text-editor" data-id="124fde8" data-element_type="widget" data-settings="{&quot;_animation&quot;:&quot;fadeInUp&quot;}" data-widget_type="text-editor.default">
				<div class="elementor-widget-container">
									<p>Tranne una parentesi della sua vita che lo vide lavorare per circa dieci anni a Bologna, DI MASI aveva sempre vissuto in campagna dove il lavoro, con i suoi ritmi legati all’avvicendarsi delle stagioni, e il senso del dovere dei contadini caratterizzarono fortemente il suo modo di essere. Egli era di fatto un poco commerciante, un poco contadino ed un poco artigiano. Ne veniva fuori una figura di Imprenditore poliedrica e permeata di un’umanità speciale.</p><p>Dapprima “lattaio”:, raccolse latte in lungo ed in largo per diversi anni in tutta la zona sud della provincia di Salerno. Raccontava di quando, dall’alto del suo metro ed ottantadue e della sua forza giovanile, caricava sul suo “lupetto”, utilizzando un solo braccio e quasi fossero piume, i bidoni di latte dal peso di 78 Kg . Proprio assistendo ad una di queste operazioni di carico, il titolare di un famoso caseificio dell’epoca in età non più giovanile, ebbe a dirgli: “Di Ma’, tu si riccu e nun’ o sai”, riferendosi alla ricchezza che l’argento vivo della gioventù porta con se.</p><p>Alla ricerca di nuove esperienze DI MASI si trasferì, agli inizi degli anni 80, a Bologna dove impiantò una lavanderia industriale che, pur se avviata con ottimi risultati, non “profumava di latte”. Fu così che di lì a poco, parallelamente, iniziò a commercializzare mozzarella di bufala che allora faceva la sua timida comparsa sui mercati del nord Italia. La prima vendita fu di 38 Kg ma la soddisfazione che ne derivò fu enorme: i soldi ricavati da quei 38 Kg sembrava avessero un altro colore ed un profumo speciale. Il dado era tratto, DI MASI fu vinto dalla tentazione, cedette la lavanderia e si rituffò nel “latte” prendendo a vendere mozzarella. I 38 Kg aumentarono poco alla volta. Neanche faceva in tempo a lasciare una campionatura che già lo telefonavano per dargli il primo ordine.  Finì col rifornire i migliori negozi e ristoranti di Bologna e provincia arrivando a vendere 40 quintali di mozzarella a settimana.</p><p>Il caseificio da cui si riforniva, però, non sempre gli dava un prodotto costante nella qualità e, complice la proposta di un suo vecchio amico casaro, che lo invitava a tornare a Falagato e ad aprire un caseificio, decise di farsi in proprio la mozzarella. Era il <strong>1986</strong> quando in due mesi esatti Pasquale impiantò il suo primo caseificio, proprio di fianco alla sua casa di Falagato. Fu un successo. Successo che aumentò ulteriormente quando alle sue dipendenze Pasquale chiamò quello che era considerato il re dei casari: Luigi Frunzo. La mozzarella di Luigi andava a ruba. Il caseificio di Falagato , che inizialmente sembrava enorme, divenne subito piccolo per cui Pasquale acquistò nella vicina Matinella un appezzamento di terreno dove edificò un moderno e funzionale caseificio. Luigi Frunzo nel frattempo decise di godersi la meritata pensione. Da allora di “acqua sotto i ponti” ne è passata tanta, ma questa è tutta un’altra storia di cui parleremo nel paragrafo dedicato al presente.</p>								</div>
				</div>
				</div>
		<div class="elementor-element elementor-element-8dd7dbb e-con-full e-flex e-con e-child" data-id="8dd7dbb" data-element_type="container">
				<div class="elementor-element elementor-element-3d979b6 elementor-invisible elementor-widget elementor-widget-image" data-id="3d979b6" data-element_type="widget" data-settings="{&quot;_animation&quot;:&quot;fadeInUp&quot;}" data-widget_type="image.default">
				<div class="elementor-widget-container">
															<img decoding="async" width="340" height="390" src="https://labufalat.it/wp-content/uploads/2023/11/pasqualemasi.jpg" class="attachment-1536x1536 size-1536x1536 wp-image-252" alt="" srcset="https://labufalat.it/wp-content/uploads/2023/11/pasqualemasi.jpg 340w, https://labufalat.it/wp-content/uploads/2023/11/pasqualemasi-262x300.jpg 262w" sizes="(max-width: 340px) 100vw, 340px" />															</div>
				</div>
				</div>
					</div>
				</div>
		<div class="elementor-element elementor-element-ff63d6e e-flex e-con-boxed e-con e-parent" data-id="ff63d6e" data-element_type="container">
					<div class="e-con-inner">
				<div class="elementor-element elementor-element-f509fcf elementor-invisible elementor-widget elementor-widget-image" data-id="f509fcf" data-element_type="widget" data-settings="{&quot;_animation&quot;:&quot;fadeInUp&quot;}" data-widget_type="image.default">
				<div class="elementor-widget-container">
															<img decoding="async" width="1024" height="603" src="https://labufalat.it/wp-content/uploads/2025/02/1-Pasquale-adolescente-1024x603.jpg" class="attachment-large size-large wp-image-1593" alt="" srcset="https://labufalat.it/wp-content/uploads/2025/02/1-Pasquale-adolescente-1024x603.jpg 1024w, https://labufalat.it/wp-content/uploads/2025/02/1-Pasquale-adolescente-300x177.jpg 300w, https://labufalat.it/wp-content/uploads/2025/02/1-Pasquale-adolescente-768x452.jpg 768w, https://labufalat.it/wp-content/uploads/2025/02/1-Pasquale-adolescente-1536x905.jpg 1536w, https://labufalat.it/wp-content/uploads/2025/02/1-Pasquale-adolescente-1320x778.jpg 1320w, https://labufalat.it/wp-content/uploads/2025/02/1-Pasquale-adolescente-680x401.jpg 680w, https://labufalat.it/wp-content/uploads/2025/02/1-Pasquale-adolescente.jpg 1920w" sizes="(max-width: 1024px) 100vw, 1024px" />															</div>
				</div>
					</div>
				</div>
				</div>

<p>LA STORIA Il fondatore e titolare del Caseificio La Bufalat è stato il Sig. Pasquale DI MASI nato a Falagato, una piccola frazione del comune di Altavilla Silentina (SA). Pasquale, purtoppo, dal novembre del 2017 non è più con noi.  Pasquale era  figlio di Ernesto DI MASI, commerciante di altri tempi, molto esperto nel suo &hellip;</p>
