{"id":662,"date":"2024-05-23T13:53:00","date_gmt":"2024-05-23T13:53:00","guid":{"rendered":"https:\/\/labufalat.it\/?page_id=662"},"modified":"2025-03-18T17:00:06","modified_gmt":"2025-03-18T17:00:06","slug":"la-vocazione-green","status":"publish","type":"page","link":"https:\/\/labufalat.it\/?page_id=662","title":{"rendered":"LA VOCAZIONE &#8220;GREEN&#8221;"},"content":{"rendered":"\t\t<div data-elementor-type=\"wp-page\" data-elementor-id=\"662\" class=\"elementor elementor-662\">\n\t\t\t\t<div class=\"elementor-element elementor-element-1f39c35 e-flex e-con-boxed e-con e-parent\" data-id=\"1f39c35\" data-element_type=\"container\">\n\t\t\t\t\t<div class=\"e-con-inner\">\n\t\t\t\t<div class=\"elementor-element elementor-element-fbeae86 elementor-widget elementor-widget-text-editor\" data-id=\"fbeae86\" data-element_type=\"widget\" data-widget_type=\"text-editor.default\">\n\t\t\t\t<div class=\"elementor-widget-container\">\n\t\t\t\t\t\t\t\t\t<h3 style=\"text-align: center;\"><strong>LA VOCAZIONE &#8220;GREEN&#8221;<\/strong><\/h3>\t\t\t\t\t\t\t\t<\/div>\n\t\t\t\t<\/div>\n\t\t\t\t\t<\/div>\n\t\t\t\t<\/div>\n\t\t<div class=\"elementor-element elementor-element-4308b9e e-flex e-con-boxed e-con e-parent\" data-id=\"4308b9e\" data-element_type=\"container\">\n\t\t\t\t\t<div class=\"e-con-inner\">\n\t\t\t\t<div class=\"elementor-element elementor-element-5d2373a elementor-invisible elementor-widget elementor-widget-text-editor\" data-id=\"5d2373a\" data-element_type=\"widget\" data-settings=\"{&quot;_animation&quot;:&quot;fadeInUp&quot;}\" data-widget_type=\"text-editor.default\">\n\t\t\t\t<div class=\"elementor-widget-container\">\n\t\t\t\t\t\t\t\t\t<p>Sul tetto del Deposito frigorifero \u00e8 installato un impianto fotovoltaico di 100 Kw mentre sulle strutture adiacenti al Caseificio \u00e8 installato un impianto fotovoltaico di 150 Kw. In questo modo si effettua auto produzione di energia grazie all\u2019utilizzo della luce solare.<\/p><p>Per la produzione del vapore, necessario per la produzione della mozzarella, \u00e8 stato acquistato di recente un nuovo ed efficiente generatore alimentato a GPL che \u00e8 andato ad unirsi ad un altro gi\u00e0 presente, anche questo riconvertito dall\u2019utilizzo dell\u2019olio combustibile (cosiddetto BTZ) al GPL. In questo modo l\u2019immissione di fumi in atmosfera \u00e8 tale da essere a basso impatto ambientale rispetto a quanto non lo fosse in passato<\/p>\t\t\t\t\t\t\t\t<\/div>\n\t\t\t\t<\/div>\n\t\t\t\t\t<\/div>\n\t\t\t\t<\/div>\n\t\t<div class=\"elementor-element elementor-element-44a6ffc e-flex e-con-boxed e-con e-parent\" data-id=\"44a6ffc\" data-element_type=\"container\">\n\t\t\t\t\t<div class=\"e-con-inner\">\n\t\t\t\t<div class=\"elementor-element elementor-element-0e49d74 elementor-invisible elementor-widget elementor-widget-text-editor\" data-id=\"0e49d74\" data-element_type=\"widget\" data-settings=\"{&quot;_animation&quot;:&quot;fadeInUp&quot;}\" data-widget_type=\"text-editor.default\">\n\t\t\t\t<div class=\"elementor-widget-container\">\n\t\t\t\t\t\t\t\t\t<p><img fetchpriority=\"high\" decoding=\"async\" class=\"aligncenter wp-image-664 size-full\" src=\"https:\/\/labufalat.it\/wp-content\/uploads\/2024\/05\/VEDUTA-AEREA.png\" alt=\"\" width=\"1024\" height=\"537\" srcset=\"https:\/\/labufalat.it\/wp-content\/uploads\/2024\/05\/VEDUTA-AEREA.png 1024w, https:\/\/labufalat.it\/wp-content\/uploads\/2024\/05\/VEDUTA-AEREA-680x357.png 680w, https:\/\/labufalat.it\/wp-content\/uploads\/2024\/05\/VEDUTA-AEREA-300x157.png 300w, https:\/\/labufalat.it\/wp-content\/uploads\/2024\/05\/VEDUTA-AEREA-768x403.png 768w\" sizes=\"(max-width: 1024px) 100vw, 1024px\" \/><\/p><p class=\"MsoNormal\" style=\"margin-left: 18.0pt; text-align: center;\" align=\"center\"><i><span style=\"font-size: 11.0pt; font-family: 'Arial',sans-serif;\">Veduta aerea del Caseificio e del Deposito frigorifero.<\/span><\/i><\/p>\t\t\t\t\t\t\t\t<\/div>\n\t\t\t\t<\/div>\n\t\t\t\t\t<\/div>\n\t\t\t\t<\/div>\n\t\t\t\t<\/div>\n\t\t","protected":false},"excerpt":{"rendered":"<p>LA VOCAZIONE &#8220;GREEN&#8221; Sul tetto del Deposito frigorifero \u00e8 installato un impianto fotovoltaico di 100 Kw mentre sulle strutture adiacenti al Caseificio \u00e8 installato un impianto fotovoltaico di 150 Kw. In questo modo si effettua auto produzione di energia grazie all\u2019utilizzo della luce solare. Per la produzione del vapore, necessario per la produzione della mozzarella, &hellip;<\/p>\n","protected":false},"author":1,"featured_media":0,"parent":0,"menu_order":0,"comment_status":"closed","ping_status":"closed","template":"","meta":{"footnotes":""},"class_list":["post-662","page","type-page","status-publish","hentry"],"_links":{"self":[{"href":"https:\/\/labufalat.it\/index.php?rest_route=\/wp\/v2\/pages\/662","targetHints":{"allow":["GET"]}}],"collection":[{"href":"https:\/\/labufalat.it\/index.php?rest_route=\/wp\/v2\/pages"}],"about":[{"href":"https:\/\/labufalat.it\/index.php?rest_route=\/wp\/v2\/types\/page"}],"author":[{"embeddable":true,"href":"https:\/\/labufalat.it\/index.php?rest_route=\/wp\/v2\/users\/1"}],"replies":[{"embeddable":true,"href":"https:\/\/labufalat.it\/index.php?rest_route=%2Fwp%2Fv2%2Fcomments&post=662"}],"version-history":[{"count":13,"href":"https:\/\/labufalat.it\/index.php?rest_route=\/wp\/v2\/pages\/662\/revisions"}],"predecessor-version":[{"id":1854,"href":"https:\/\/labufalat.it\/index.php?rest_route=\/wp\/v2\/pages\/662\/revisions\/1854"}],"wp:attachment":[{"href":"https:\/\/labufalat.it\/index.php?rest_route=%2Fwp%2Fv2%2Fmedia&parent=662"}],"curies":[{"name":"wp","href":"https:\/\/api.w.org\/{rel}","templated":true}]}}